he tens digit of -1*(0/(-1) + (-18834)/(-18))*-3?
3
Let s(y) = 3*y**3 + 8*y + y**3 - y**3 - 7*y**2 - 2*y**3 - 39 - 17*y. What is the units digit of s(11)?
6
Suppose 60 = -y + 61, -5*y = 3*b - 29762. What is the units digit of b?
9
Let v = -12351 - -22985. What is the units digit of v?
4
Suppose 0*s - 15*s = 10*s - 276025. What is the tens digit of s?
4
Let p be (1/(-4))/((-5)/100). Suppose n = 2*g + 8, 2*n - p*g = -2*n + 35. Suppose 5*k = 5*h - n, -3*h + k - 2*k = -6. What is the units digit of h?
2
Let b = -426 + 422. What is the units digit of -5 + (-385)/(b + -3)?
0
What is the hundreds digit of ((-3695178)/2316)/(0 - 1/10)?
9
Suppose 16*r - 41164 - 59124 = 0. What is the units digit of r?
8
Suppose -c + j + 9959 = 0, -8*j + 4*j + 19954 = 2*c. What is the units digit of c?
5
Let t be (-2)/(4 - (-17375)/(-4345)). Let l = -974 - t. What is the units digit of l?
4
Let t(p) = 1. Let r(k) = -22*k + 107. Let m(z) = -r(z) - 2*t(z). What is the tens digit of m(14)?
9
Suppose -d + 1176 = 5*b, -3484 = -3*d + 81*b - 85*b. What is the units digit of d?
6
Let f be -145 + -6 + 14 + 4. Let p(z) = z**3 + 3*z + 2. Let v be p(-4). Let t = v - f. What is the tens digit of t?
5
Suppose 2955 = 3*c - 4*k, 13*c + k = 10*c + 2970. What is the hundreds digit of c?
9
Suppose 4424 = -11*j + 12*j. Let y = -2987 + j. What is the thousands digit of y?
1
Let t be (-5)/(-3)*(-26 + 29). Suppose -2*o - 1151 = -4*o - t*q, 2*q - 2 = 0. What is the hundreds digit of o?
5
Suppose 11 = -10*f - 9. What is the hundreds digit of (-6)/f - (-4 - 1068/4)?
2
Suppose 942 = 4*j - 450. Suppose 0 = -4*p - 2*f + 1410 + j, -4*p - 3*f + 1759 = 0. What is the hundreds digit of p?
4
Suppose 7*q - 5132 = 6*q. What is the tens digit of (-4)/6 + 1/(12/q)?
2
Suppose 7*s - 6*f = 12*s - 247526, 49504 = s + f. What is the tens digit of s?
9
Let v be 92/6 + 6/(-18). Suppose -12*l = -v*l. Suppose -5*k = l, 3*p - k - 4*k - 93 = 0. What is the units digit of p?
1
Suppose 2*m = 10, -2*g - m - 65 = 3*g. Let l(o) = 3*o**2 + 25*o + 72. What is the units digit of l(g)?
0
Let a be (-7 - -6)*0 - (-190)/5. Suppose 23*v - a*v + 10560 = 0. What is the units digit of v?
4
Suppose 8*g + 74*g = 774364 + 206192. What is the thousands digit of g?
1
Let o(w) = 97*w + 2020. What is the hundreds digit of o(48)?
6
Let v be (155/(-4))/(75/300). Let a = 43 - v. What is the hundreds digit of a?
1
Let j be (-88)/6 + (-231)/99. What is the units digit of (-2)/j - 40557/(-187)?
7
Suppose 54*l - 181973 = 622573. What is the ten thousands digit of l?
1
Let s(m) = 7*m**2 - 86*m - 977. What is the tens digit of s(74)?
9
Suppose 3*a = -4*b + 220, -3*b = b - 3*a - 196. Let w = 206 - b. What is the tens digit of w?
5
Let v be 301/(42/(-7) + 7). Suppose 2*f = -4*w + 3246, -2*f - 3*w + 2944 = -v. What is the tens digit of f?
2
What is the ten thousands digit of ((-6281)/4 - (-63)/(-84))/(31/(-620))?
3
Let c(u) = u**3 + 86*u**2 - 196*u + 573. What is the thousands digit of c(-88)?
2
Let t = -71 + 200. Suppose 3*a - t = 12. Suppose -163 = -3*i + a. What is the units digit of i?
0
Suppose 6645 = 2*p - 5*z, 3*p - 19*z - 9964 = -15*z. Suppose -7*v + p + 1741 = 0. What is the tens digit of v?
2
Suppose 18*o = 17*o. Suppose 3*p - 2*z - 3*z - 64 = o, -2*z - 76 = -3*p. Suppose -p*m + 120 = -18*m. What is the units digit of m?
2
Let o(q) = -q - 34 - 3*q**2 - 2*q**2 - 63 + 9*q**2 + 0*q. What is the tens digit of o(10)?
9
Suppose 0 = -4*i - 20, -23 = -3*r + 5*i + 2. Let y be r*(5 - (-20)/(-5)). Suppose -4*c = -2*x + 42, -2*x - 3 = 5*c - y*c. What is the tens digit of x?
1
Let l = 102154 - 34763. What is the ten thousands digit of l?
6
Let z(d) = -d**2 + d + 135. Let n be z(12). Suppose 3*a = -n*m + 1191, a + 797 = 2*m - 0*m. What is the units digit of m?
8
Let y(f) be the third derivative of f**6/120 + 13*f**5/60 + f**4/12 + 5*f**3 - 19*f**2. Let m be y(-13). Suppose m*h - 380 = -128. What is the tens digit of h?
6
Suppose -9*o = 32 + 40. What is the units digit of (2598/9)/(0 + o/(-12))?
3
Let f(c) = -12 - 2*c - 7 + 3 + 3*c. Let p be f(21). Suppose -87 = p*a - 2*l - 582, -3*a = -2*l - 297. What is the units digit of a?
9
Let l(y) be the second derivative of 0*y**4 + 1/2*y**2 - 81/20*y**5 + 1/6*y**3 - 10*y + 0. What is the units digit of l(-1)?
1
Suppose -140 = -16*f + 9*f. Suppose 15*n + 1382 = 3*p + f*n, 5*p + 5*n - 2290 = 0. What is the tens digit of p?
5
Let h be -918 + 2/(-8)*0. What is the hundreds digit of (1 - 4)/(9/h)?
3
Let p(o) = -179*o + 1952. What is the tens digit of p(-17)?
9
What is the thousands digit of 7344/(-1904)*22918/(-6)?
4
Let z(p) = p**3 + 8*p**2 - 4*p + 14. Let y be z(6). Let b = y + -328. Let a = -53 + b. What is the hundreds digit of a?
1
Suppose 2*t = 2*d + 7*t - 917, 0 = 2*d - t - 899. Let z = 8 + d. What is the tens digit of z?
5
Let z be ((-28)/(-6))/(-7) + 23/3. Let u(n) = z*n - 12*n - 4*n - 10*n - 37. What is the units digit of u(-6)?
7
Suppose -140*i = -719730 - 170530. What is the tens digit of i?
5
Suppose -11 = 2*u + 5*q + 5, u - 4*q = 18. Let o be (-30)/(-25) - (-8734)/55. What is the units digit of o/6 + u/6?
7
Let u(y) = 146*y**2 + 115*y + 604. What is the hundreds digit of u(-6)?
1
Let q = -19197 - -63609. What is the tens digit of q?
1
Suppose 0 = -4*m + 4*k + 244704, 3*m - 128894 = -15*k + 54688. What is the units digit of m?
9
Let k(m) = 2*m**3 + 14*m**2 - 42*m - 265. What is the units digit of k(-6)?
9
Suppose 4*s = z + 33, -2*s + z = -2*z - 19. Let a(y) = -11 - y**3 + 15*y + 4 + s*y**2 - 19*y. What is the tens digit of a(5)?
4
Suppose -14472 = -62*r + 68*r. Let s = -1639 - r. What is the hundreds digit of s?
7
Let b(q) = 1. Let n(o) = 18*o - 20. Let g(u) = 2*b(u) - n(u). What is the tens digit of g(-3)?
7
Suppose 2*j + 10 = 0, 3*j - 247 = 3*i - 166. Let y(x) = x**2 + 50. Let p be y(0). Let w = i + p. What is the units digit of w?
8
Let u = 3123 + 1556. What is the hundreds digit of u?
6
Let u(v) = 20*v**3 - 5*v**3 - 4*v**2 - 8*v**3 + 0*v**3 + 46 - v - 8*v**3. Suppose 2 = p + 2*l + 18, 4*l = 4*p + 4. What is the hundreds digit of u(p)?
1
Let t(j) = 0*j + j - j + 3*j + 25. Let x be t(-7). Let b(y) = 2*y**2 + 8*y - 12. What is the units digit of b(x)?
2
Let r be (-12)/(-54) - (-615)/27. Suppose -r*f + 17*f = -1290. What is the units digit of f?
5
Suppose -38506 = -43*r + 5348 - 10658. What is the tens digit of r?
7
Suppose 2*q + 805*k - 806*k - 35004 = 0, 2*q + 4*k - 34984 = 0. What is the units digit of q?
0
Suppose -2*a + 3*o - 5*o = 2504, 0 = 3*o + 6. What is the units digit of a/((-35)/7) + -1 + 1?
0
Let x = 618 + 3502. What is the tens digit of (12/10)/(12/x)?
1
Let q(i) = i**2 - 5*i + 11. Let m be q(3). Suppose -p + m*v = -490, -p + 3*v = -304 - 186. What is the tens digit of p?
9
Suppose -90 = 202*d - 220*d. Suppose -b - 2*b = -4*s - 297, 0 = -3*b - d*s + 297. What is the units digit of b?
9
Suppose -16*o + 6*o + 10 = 0. Let f(q) = 899*q**2 - 4*q + 4. What is the tens digit of f(o)?
9
What is the thousands digit of -2*1*699216/(-224)?
6
Let f(x) = -66*x**3 + 17*x**2 + 8*x - 30. What is the hundreds digit of f(-5)?
6
Let f(p) = -p**2 - 78*p**3 - 5*p**2 + 2 - 215*p**3 + 5*p**2. What is the units digit of f(-1)?
4
Let v be 40/(-32) - 18/(-8) - 3. Let g(j) = 337*j**2 - j + 8. What is the thousands digit of g(v)?
1
What is the thousands digit of (264/(-32))/((-42)/346584)?
8
Let d be (-14 - 1)/((-2)/(-2) + -2). Suppose d - 20 = -g. Suppose o + 4*i = 9*i + 35, 0 = 3*o + g*i - 5. What is the units digit of o?
0
Let i be ((-1)/2)/((-4)/(-8)). Let t(d) = -31 - 41 + 196*d**2 + 3*d + 75. What is the hundreds digit of t(i)?
1
Suppose -95 + 11 = -6*o. Suppose -4415 = -o*y + 443. What is the hundreds digit of y?
3
Let y be 4*(-44)/(-16)*(1 - 19). Let d = y + 314. What is the units digit of d?
6
Suppose n = -x - 4 + 5, 0 = -n + 4*x + 16. Suppose 2*k = -3*k - n*d + 5, -14 = 3*k - d. What is the units digit of (2 + -65)/(k/2)?
2
Let k(x) = -52 - x**2 + 47 + 3*x**2 + 5*x. What is the tens digit of k(13)?
9
Suppose -5*o - 2*u = 1744, 0 = 3*o + 4*u - 2*u + 1044. Let r = 513 - o. What is the units digit of r?
3
Let d be (-15)/(-60) - (-1)/(-4). Suppose -5*m + 714 + 96 = d. What is the tens digit of m?
6
Suppose 5*i = 4*h - 2780 - 22920, 0 = -h + 2*i + 6425. What is the hundreds digit of h?
4
Let v(p) be the second 